s 2101 a prime number?
False
Is 481 composite?
True
Is 4321 a composite number?
True
Is 144611 a composite number?
False
Is 145931 prime?
True
Is 249266 prime?
False
Is 905615 a composite number?
True
Is 1383517 a prime number?
True
Is 215011 a composite number?
True
Is 180655 composite?
True
Is 22217 a prime number?
False
Is 53657 prime?
True
Is 59237 a prime number?
False
Is 35761 composite?
True
Is 67843 prime?
True
Is 100649 prime?
True
Is 1247 a composite number?
True
Is 4621 prime?
True
Is 5652889 a prime number?
False
Is 32141 composite?
False
Is 4022359 a composite number?
True
Is 4361761 a composite number?
False
Is 2507 a composite number?
True
Is 1132661 a prime number?
True
Is 10081 prime?
False
Is 10623 prime?
False
Is 12227 composite?
False
Is 479 a prime number?
True
Is 8123 prime?
True
Is 4595 a composite number?
True
Is 37 composite?
False
Is 118707 prime?
False
Is 108929 a composite number?
False
Is 2785 prime?
False
Is 262771 composite?
True
Is 22189 prime?
True
Is 3221 a composite number?
False
Is 6931 a composite number?
True
Is 236053 composite?
False
Is 121161 composite?
True
Is 5501 a prime number?
True
Is 37087 a prime number?
True
Is 68813 a prime number?
True
Is 162553 a prime number?
True
Is 27947 a prime number?
True
Is 76303 prime?
True
Is 2784683 a prime number?
False
Is 42683 a composite number?
False
Is 124897 prime?
True
Is 228721 a prime number?
False
Is 19529 prime?
False
Is 154561 a prime number?
False
Is 213387 a prime number?
False
Is 614 prime?
False
Is 997 composite?
False
Is 3943 composite?
False
Is 551683 prime?
False
Is 7279 composite?
True
Is 50117 a prime number?
False
Is 215051 prime?
True
Is 17933 composite?
True
Is 142963 composite?
False
Is 16217 a prime number?
True
Is 284419 prime?
False
Is 5209 prime?
True
Is 9655 composite?
True
Is 11771 composite?
True
Is 20469 composite?
True
Is 11157 prime?
False
Is 332699 a composite number?
False
Is 71777 a prime number?
True
Is 2974049 composite?
True
Is 9221 composite?
False
Is 4327 a composite number?
False
Is 5749759 prime?
True
Is 200401 a composite number?
False
Is 46623 a composite number?
True
Is 149519 a composite number?
False
Is 54037 a prime number?
True
Is 331 composite?
False
Is 16787 prime?
True
Is 4417 prime?
False
Is 85 prime?
False
Is 121523 a prime number?
True
Is 639083 composite?
False
Is 39206 a prime number?
False
Is 483761 composite?
False
Is 512165 a prime number?
False
Is 1167 prime?
False
Is 428357 composite?
True
Is 2793439 a composite number?
True
Is 195983 prime?
False
Is 458765 composite?
True
Is 3740195 a prime number?
False
Is 49589 prime?
False
Is 17579339 prime?
True
Is 323819 a composite number?
False
Is 103459 a prime number?
False
Is 2446453 composite?
True
Is 218251 composite?
True
Is 3574 prime?
False
Is 45413 prime?
True
Is 1280447 prime?
False
Is 797429 composite?
False
Is 5767 composite?
True
Is 396613 a prime number?
False
Is 777979 a prime number?
True
Is 3714181 a composite number?
False
Is 179254 a composite number?
True
Is 645115 composite?
True
Is 3613 composite?
False
Is 1910797 prime?
False
Is 1601 prime?
True
Is 114301 composite?
True
Is 841109 a composite number?
True
Is 248059 prime?
False
Is 919 composite?
False
Is 1102345 a prime number?
False
Is 1723903 prime?
True
Is 13549 prime?
False
Is 28939 a composite number?
True
Is 34019 a composite number?
False
Is 376021 a composite number?
False
Is 2437 a composite number?
False
Is 898727 a prime number?
True
Is 1657 a composite number?
False
Is 53231 a prime number?
True
Is 169255 a prime number?
False
Is 42793 composite?
False
Is 43573 composite?
False
Is 83969 a prime number?
True
Is 848813 a composite number?
True
Is 3397 prime?
False
Is 1203595 a prime number?
False
Is 18661 a composite number?
False
Is 11987 a composite number?
False
Is 18346 composite?
True
Is 322895 a prime number?
False
Is 2329 composite?
True
Is 57299 a composite number?
True
Is 148823 a prime number?
False
Is 1639849 a composite number?
False
Is 26067 a prime number?
False
Is 1151 prime?
True
Is 3662 composite?
True
Is 129169 a composite number?
False
Is 11219 composite?
True
Is 2579 prime?
True
Is 3523 prime?
False
Is 72061 composite?
True
Is 178279 composite?
True
Is 443 a composite number?
False
Is 16129 a prime number?
False
Is 17519 composite?
False
Is 1153799 a prime number?
True
Is 99559 prime?
True
Is 1035449 composite?
False
Is 391151 a composite number?
False
Is 42787 a composite number?
False
Is 30971 prime?
True
Is 24169 composite?
False
Is 563131 prime?
True
Is 23869 composite?
False
Is 6047 a prime number?
True
Is 39247 a composite number?
True
Is 10637 a composite number?
True
Is 16535 a prime number?
False
Is 221047 a prime number?
True
Is 7631 prime?
False
Is 29173 prime?
True
Is 8929 a prime number?
True
Is 4127 a composite number?
False
Is 705937 a composite number?
False
Is 199021 prime?
True
Is 15871 composite?
True
Is 101141 a composite number?
False
Is 136999 a prime number?
True
Is 203666 a composite number?
True
Is 259289 composite?
True
Is 316391 composite?
False
Is 459166 composite?
True
Is 22179 a composite number?
True
Is 24713 composite?
True
Is 3389 a prime number?
True
Is 1451 composite?
False
Is 5051 composite?
False
Is 6899 a composite number?
False
Is 2153 a prime number?
True
Is 38013 a prime number?
False
Is 3057 prime?
False
Is 11149 a composite number?
False
Is 1031047 a prime number?
True
Is 89479 a composite number?
True
Is 55949 a prime number?
True
Is 10589 composite?
False
Is 12713 composite?
False
Is 175787 a prime number?
False
Is 22769 composite?
False
Is 5069 prime?
False
Is 1232671 composite?
True
Is 238223 a composite number?
False
Is 148661 a composite number?
True
Is 993 prime?
False
Is 125401 a composite number?
True
Is 1349333 prime?
False
Is 9305 a composite number?
True
Is 211483 prime?
False
Is 50035 a composite number?
True
Is 19853 composite?
False
Is 3137 a composite number?
False
Is 25523 composite?
False
Is 2201 a prime number?
False
Is 7789 a prime number?
True
Is 991 a composite number?
False
Is 636043 composite?
False
Is 21374 prime?
False
Is 664162 composite?
True
Is 73641 a composite number?
True
Is 195031 prime?
False
Is 2523635 a composite number?
True
Is 3210151 prime?
False
Is 549379 a prime number?
True
Is 467063 a prime number?
True
Is 1697867 a composite number?
False
Is 247873 composite?
False
Is 55201 a composite number?
False
Is 5599 composite?
True
Is 39821 a prime number?
True
Is 123679 composite?
True
Is 120563 prime?
True
Is 44471 prime?
False
Is 488197 a prime number?
True
Is 3833 composite?
False
Is 69769 prime?
False
Is 18899 prime?
True
Is 2705 prime?
False
Is 1068577 a prime number?
True
Is 1847 prime?
True
Is 660887 composite?
False
Is 1065397 composite?
True
Is 1973 composite?
False
Is 253 a composite number?
True
Is 492433 composite?
True
Is 1561 composite?
True
Is 19121 prime?
True
Is 30031 a composite number?
True
Is 4777 a composite number?
True
Is 77137 a composite number?
False
Is 2047 composite?
True
Is 7561 a composite number?
False
Is 6353 a composite number?
False
Is 31357 a composite number?
False
Is 891731 prime?
False
Is 105563 a prime number?
True
Is 901 a composite number?
True
Is 3989 a composite number?
False
Is 27791 prime?
True
Is 1598999 a composite number?
False
Is 186674 a prime number?
False
Is 63937 a prime number?
False
Is 7241 a prime number?
False
Is 12991 prime?
False
Is 90701 a prime number?
False
Is 39301 composite?
False
Is 1121273 a prime number?
False
Is 11239 prime?
True
Is 9953 a prime number?
False
Is 1168967 prime?
False
Is 5731 a composite number?
True
Is 3977 prime?
False
Is 8263 a composite number?
False
Is 1583233 prime?
True
Is 11953 composite?
False
Is 9173 prime?
True
Is 1193963 prime?
True
Is 85929 a composite number?
True
Is 58037 prime?
False
Is 30151 a prime number?
False
Is 4537 prime?
False
Is 338791 composite?
False
Is 990589 prime?
True
Is 78877 a composite number?
False
Is 303815 composite?
True
Is 65699 a composite number?
False
Is 73907 prime?
True
Is 624763 composite?
False
Is 101617 a composite number?
True
Is 12695 a composite number?
True
Is 2757 a composite number?
True
Is 316829 composite?
True
Is 69761 composite?
False
Is 